 Let n be y(0). Let f(x) = -x**3 + 4*x**2 - 2*x - 1. Determine f(n).
-9
Let p(q) = -3*q + 3. Let o(n) = -n + 1. Let u(i) = -2*o(i) + p(i). Let x be u(-3). Suppose 4*f + x = 3*f. Let y(s) = s**2 + 3*s - 1. Give y(f).
3
Let f(z) be the second derivative of z**5/120 + z**4/4 + 5*z**3/6 + z. Let d(v) be the second derivative of f(v). Calculate d(-4).
2
Let f(n) = -4*n - 40*n**2 + 3 - 29*n**2 + 68*n**2. Suppose -3*g - 1 = -0*g - 4*x, 4*x + 20 = -4*g. Determine f(g).
6
Let s(b) be the second derivative of 7*b**4/12 + b**3/3 + b**2/2 + 9*b. Calculate s(-1).
6
Let u(a) = -a - 1. Let x(g) = g**2 - 4*g - 5. Let r be x(4). Let s(c) = 1. Let l(b) = r*s(b) - u(b). Determine l(4).
0
Let u(f) be the third derivative of -f**5/60 + f**4/3 - 2*f**3/3 - 4*f**2. What is u(6)?
8
Let z = -7 - -4. Suppose 5*w - 7 = 8. Let q(g) = w*g**2 + g**2 - 3*g**2 + 4*g. What is q(z)?
-3
Let x(w) = -4*w - 4. Let k be x(-3). Let s be (20/k)/((-1)/(-2)). Let o(j) = -j**2 + 7*j - 5. What is o(s)?
5
Let x(h) = -h**2 + 6*h - 6. Let m = 14 - 8. Determine x(m).
-6
Let x(n) be the first derivative of 11*n**2/2 + n + 7. Let k(g) = g**2 - 12*g + 10. Let o be k(11). Determine x(o).
-10
Let k(u) = -2*u**2 + 4*u + 8. Let n(d) = -6*d**2 + 11*d + 23. Let o(a) = -17*k(a) + 6*n(a). What is o(-2)?
-2
Suppose -2*u + 3*y + 1 = -0*y, 0 = 2*u - 2*y. Let m(d) = -5*d**2 + 1. Let f be m(u). Let c(l) = -l**2 - 6*l - 2. Give c(f).
6
Let p(m) = m - 1. Let j(z) be the second derivative of -z**4/12 - z**3/3 - 2*z. Let u(c) = j(c) - 4*p(c). Determine u(-6).
4
Suppose -o = j + 1, 3*o - 3 = 5*j + 26. Let r(y) = -y. Determine r(o).
-3
Let y = -4 + 9. Let x(r) be the first derivative of r**5/60 - 7*r**4/24 + r**3/2 + 4*r**2 - 8. Let n(g) be the second derivative of x(g). What is n(y)?
-7
Let t(n) = -15 - n**2 - 4*n**3 + 33 + 2*n - 19. Suppose -s + 10 = -2*k + 1, -s + 3*k + 11 = 0. Suppose -s*h = -5*l + 1 - 16, -5 = 3*h + 4*l. Give t(h).
-4
Let t(o) = 3*o - 8 + 1 + 4. Give t(4).
9
Let h(r) be the second derivative of -r**3/6 + 5*r**2/2 - r. Let t(x) = -x**3 - x**2 - x - 2. Suppose d + 0*d + 2 = 0. Let b be t(d). Determine h(b).
1
Suppose 0 - 2 = -w. Let t(s) = 5 + w*s**2 - 5 - 4 + 5*s - 3*s**2. Let g be t(5). Let x(q) = -2*q + 2. Give x(g).
10
Let f = 11 - 7. Suppose 0*s = -5*s. Let t(u) = -1 + 2*u**2 + s*u - u**2 - 3*u. Give t(f).
3
Let m(p) = -p**2 + 5*p + 7. Suppose -d - 24 = -5*d. Determine m(d).
1
Let c = 1 + 3. Suppose -c = -5*k + k. Let w(v) = 8*v**3 - 9*v**2 + 9. Let f(g) = -g**3 + g**2 - 1. Let p(m) = 36*f(m) + 4*w(m). What is p(k)?
-4
Let i(s) be the third derivative of s**5/30 + s**4/4 + s**2 + 29. What is i(-4)?
8
Suppose 3 = -4*k + 5*k. Let o(n) = k*n + 0*n + 4 - 2*n. Calculate o(0).
4
Let n(g) = -g - 6 - 2 + 3. Suppose q + p = -q + 23, 2*q + 2*p = 26. Let v = -10 + q. What is n(v)?
-5
Let f(k) = -k**3 + 6*k**2 - 6*k + 7. Let w be f(5). Let h(q) = 5 + w - q + q**2 - q - 3. What is h(3)?
7
Let o(s) be the first derivative of s**4/4 + 2*s**3 - 3*s**2/2 - 9*s - 1. Let c = 56 + -62. Calculate o(c).
9
Suppose -5*a = 5*p - 85, 29 = a + 5*p - 4. Let w = -10 + a. Let s(x) = -x**3 + 5*x**2 - 4*x - 1. What is s(w)?
5
Let x(m) = -6*m**3 - 14*m**2 - 11*m - 30. Let u(c) = c**3 + 3*c**2 + 2*c + 6. Let k(g) = -11*u(g) - 2*x(g). Calculate k(5).
-6
Let o(h) be the first derivative of 3*h**3 - 6. What is o(-1)?
9
Let q(m) = -9*m**3 + 9*m**2 - 9*m + 41. Let d(o) = 4*o**3 - 4*o**2 + 4*o - 20. Let a(t) = -7*d(t) - 3*q(t). Let k be -3 - (-8 + 5)/1. Calculate a(k).
17
Suppose 0 = -7*t + 4 + 31. Let x(w) = w**2 - 8*w + 4. Determine x(t).
-11
Let m(c) = -2*c. Suppose i - 5*i - 6 = 3*z, z = 2*i + 8. Suppose 2*s - 5*a = 13, z*s - 4*a - 1 = -3*a. Give m(s).
2
Let o(y) be the first derivative of 4*y**3/3 + 3*y**2/2 + 28*y + 1. Let n(b) = b**2 + b + 8 + 1 + 0*b. Let x(w) = -7*n(w) + 2*o(w). Calculate x(0).
-7
Let b(w) = -w**2 + 13*w + 2. Let p be b(9). Suppose 14 = -4*d + p. Let r(j) = -j**2 + 7*j - 6. What is r(d)?
0
Let f(z) be the first derivative of z**2/2 - 3*z - 1. Let x(j) = 2*j - 3. Let t(o) = 2*f(o) - 3*x(o). Let u be 10/(-4)*(-8)/10. What is t(u)?
-5
Let u(t) = -5*t**3 + 2*t**2 - 4*t**2 + 3 + 3*t + 4*t**3. Let v be -3 + 1 - 6/6. Calculate u(v).
3
Let u(n) = n**2 + 8*n + 10. Let c be u(-7). Suppose -6*s - 3 = -7*s. Let k(r) = 3 - r + s*r - 2. Give k(c).
7
Let d(j) = j**2 + 1. Let h(s) = 2*s**2 + 6*s - 3. Suppose -2 = -f - 1. Let m(r) = f*h(r) - 3*d(r). What is m(4)?
2
Let o(d) = d**3 + 6*d**2 - 6. Let f be o(-3). Suppose f = -5*u - 4. Let s(q) = -q**3 - 4*q**2 + 5*q - 6. Give s(u).
-6
Let u be (-5)/(-15) + ((-152)/6)/4. Let x(g) be the third derivative of -g**4/24 + g**3/6 + 2*g**2. What is x(u)?
7
Let g = -5 - -7. Let i(k) = 14*k**2 - 21*k**2 - g - 2*k + 3. What is i(1)?
-8
Let q be 3*1 + (-1 - -1). Let b(u) be the second derivative of 3*u - 3/2*u**2 + 1/3*u**q + 0. Give b(4).
5
Let w(g) = -g**3 + g**2 - 6*g + 7. Let q(h) = -h**2 - h + 1. Let i(z) = -3*q(z) + w(z). Suppose -12 = -3*p - 0. Give i(p).
-8
Let n(u) be the first derivative of -u**3/3 + 3*u**2 - 5*u + 22. Give n(4).
3
Let d(q) = -q**3 + 9*q**2 - 7*q - 3. Let p be (28/70)/(0 + 2/40). Give d(p).
5
Let a = 14 + -9. Let w(p) = -3*p + 7. Determine w(a).
-8
Let u(g) = 5*g**3 - 8*g**2 - 2*g + 5. Let o(d) = -4*d**3 + 7*d**2 + 2*d - 4. Let v(p) = -7*o(p) - 6*u(p). Give v(-2).
14
Let j(x) = x**2 - x - 4. Let t(g) = -g. Let l(r) = j(r) + 6*t(r). What is l(7)?
-4
Let g(k) = -k - 1. Let r(s) = 2*s + 12. Let q(l) = -g(l) - r(l). Suppose 0 = -x + 5*u - 14, -5*x = 2*u + u - 14. Let j be ((-5)/4)/(x/4). Determine q(j).
-6
Let x(p) = p - 4. Suppose 9*l - 7*l - 8 = 0. What is x(l)?
0
Let v be 1*-3 + (-7 - -10). Let o(y) = -8*y + 4 + 7*y + v. What is o(4)?
0
Let f(k) = k - 2. Let z be (-12)/(-2)*(-2)/(-3). Let a be f(z). Let h(n) = 0*n**3 + 3*n - 9*n**3 + 10*n**3 - 2*n**2 - 2*n + 2. Determine h(a).
4
Let i(f) = -f**3 + 8*f**2 - 7*f - 4. Let q = 28 + -21. What is i(q)?
-4
Let t be 25/(-4) - 19/(-76). Let v be t + 2/8*4. Let n(c) = 2*c - 1. What is n(v)?
-11
Let p(j) be the third derivative of j**5/60 + j**4/24 - j**3/6 - j**2. Let h(n) = -7*n**2 + 5. Let g(x) = -h(x) - 4*p(x). Calculate g(3).
14
Let m(q) be the second derivative of -q**5/20 + q**4/2 - 5*q**3/6 + 21*q. Calculate m(5).
0
Let r(l) = -1 + 6 + 5*l + 2*l**2 - l**2 - 3. Suppose -4*v = -v + 12. What is r(v)?
-2
Suppose -5*m - 2*o = 3*o, 2*o = 4*m - 30. Let d(k) = 0*k + 15 + 2*k - 40 + 20. Calculate d(m).
5
Let v(u) be the second derivative of -u**5/20 + u**4/12 + u**3/6 + 14*u + 4. Suppose 3*a = a - 4*m - 10, -15 = -3*a + 4*m. What is v(a)?
1
Let l(k) = 4*k**2 - 1. Suppose 0 = -3*r - 3*s - 9, -4*s - 4 = -4*r - 0*s. Give l(r).
3
Let l be -3 - (-2 - (2 - -1)). Let m(v) = -2*v - l*v + 5*v + 0*v - 11. Let q(x) = -2*x**3 - 2*x**2 + 2*x + 1. Let j be q(-2). What is m(j)?
-6
Let b be ((-2)/4)/((-2)/(-12)). Let w be 0 + -2 + 2 + 2. Let y(r) = -w*r**2 - 5*r + 2*r + 0*r**2. Calculate y(b).
-9
Let x = -4 - -6. Let r(p) = -p**2 - 2*p + 2. Give r(x).
-6
Let g(p) be the second derivative of -p**6/360 + p**4/2 - 7*p. Let x(i) be the third derivative of g(i). Determine x(-3).
6
Let j(s) = -6*s**2 + 1. Let l(d) = d - 4. Let b be l(5). Calculate j(b).
-5
Let u(p) = p**3 + 10*p**2 + 9*p + 5. Let b = 105 + -114. What is u(b)?
5
Let b = -6 - -4. Let m be b*(0 - 3/3). Let s(j) = j - m*j - 6 - 2*j + j**2 - j. What is s(5)?
-1
Suppose -4*n = 4*d - 8 - 16, 2*n = 4*d - 18. Let p(c) = -c + 12. Calculate p(d).
7
Let w(l) = 0*l + l**2 + 0*l + l. Let y be w(0). Let t(u) = -u + 9. Let m(g) = -3*g + 26. Let o(h) = -6*m(h) + 17*t(h). Determine o(y).
-3
Let g = 7 + -7. Let r(c) = g*c + 3*c - 4*c + 1 - 3*c. Give r(1).
-3
Let d be (-1)/(-3) - 20/(-12). Let h(r) = -4*r - r**3 - 5*r**d + 4 + 0 + 0. Let i = 0 - 4. Determine h(i).
4
Let u(s) = s**3 - 5*s**2 - 2*s + 2. Let d = -11 - -16. Give u(d).
-8
Let w(i) = 2*i + 9 - 3 - 2 - 1. Give w(-4).
-5
Let z be 4/18 + (-43)/(-9). Let s(c) = -7*c + 1 - 7 - 9. Let l(t) = -3*t - 7. Let f(d) = 5*l(d) - 2*s(d). Calculate f(z).
-10
Let q(n) = 5*n**2 + 5*n - 6. Let z(u) = -u**2 - u + 1. Suppose s + 6 - 7 = 0. Let l(d) = s*q(d) + 4*z(d). What is l(0)?
-2
Let f(k) = 3*k**3 + k**2 + 6*k + 8. Let r = 2 - -5. Let h(m) = 5*m**3 + 3*m**2 + 12*m + 15. Let o(j) = r*f(j) - 4*h(j). What is o(6)?
-4
Let d = -12 + 12. Let b(p) = 5*